p(-26)?
75
Let u(s) = 1287*s + 3584. Give u(-3).
-277
Let y(s) = s**2 + 65*s + 708. Calculate y(-49).
-76
Let d(b) = 4*b**2 + 32219*b + 610714. Determine d(-19).
-3
Let b(f) = 297*f - 49325. What is b(165)?
-320
Let v(l) = 3688*l + 40675. Calculate v(-11).
107
Let x(s) = 66*s - 10072. Give x(145).
-502
Let b(m) = -2227337*m + 17818705. Calculate b(8).
9
Let c(j) = -3569*j - 135485. Give c(-38).
137
Let a(z) = -4*z**2 + 3751*z + 11246. Give a(-3).
-43
Let a(n) = -n**3 - 16*n**2 + 1759*n - 1319. Calculate a(-51).
7
Let b(o) = -133*o - 439. Determine b(2).
-705
Let v(g) = 60*g**2 + 1167*g - 363. Determine v(-20).
297
Let n(o) = -848*o - 12623. Give n(-15).
97
Let h(j) = -3*j**2 + 1045*j + 117420. What is h(438)?
-402
Let k(d) = -10186*d + 71708. Calculate k(7).
406
Let c(w) = 1584260*w - 14. Give c(0).
-14
Let x(g) = 145*g**2 - 2688*g + 7764. What is x(15)?
69
Let z(p) = -4*p**3 - 81*p**2 + 351*p + 6944. What is z(-20)?
-476
Let s(n) = -6*n**2 + n + 325. What is s(12)?
-527
Let u(q) = -q**3 + 507*q**2 + 20124*q - 250. What is u(-37)?
-102
Let k(b) = 685915*b + 15090123. Calculate k(-22).
-7
Let g(p) = 5*p**3 + 1148*p**2 - 420*p + 9197. Give g(-230).
-3
Let c(a) = 898*a + 29602. Give c(-33).
-32
Let x(f) = -313*f**2 - 12644*f + 7. What is x(-40)?
4967
Let d(h) = -h**3 + 96*h**2 + 81*h + 1715. What is d(97)?
163
Let o(s) = s**3 + 148*s**2 - 8926*s + 102. Determine o(46).
10
Let p(z) = -646*z - 4972. What is p(-9)?
842
Let g(m) = -3*m**3 + 845*m**2 + 19395*m - 901. Give g(303).
8
Let o(c) = 3*c**2 + 108*c - 312. Give o(-17).
-1281
Let a(k) = -6*k**2 - 2121*k + 403188. What is a(137)?
-3
Let t(k) = -1963*k - 19837. What is t(-10)?
-207
Let n(i) = -6063*i - 78766. What is n(-13)?
53
Let w(u) = -u**3 - 16*u**2 + 85*u + 667. Determine w(-5).
-33
Let v(k) = k**2 - 51527. Give v(-227).
2
Let v(g) = 3*g**2 - 3907*g + 114503. Calculate v(30).
-7
Let u(m) = -5*m**3 + 4*m**2 + 22*m + 68. What is u(-6)?
1160
Let f(b) = -693*b + 9133. Give f(14).
-569
Let m(g) = 692*g**2 - 53*g - 19. What is m(2)?
2643
Let j(x) = -19*x**2 + 794*x - 3088. Give j(4).
-216
Let o(w) = 86*w**2 - 1483*w + 315. Give o(17).
-42
Let n(s) = 261*s + 5763. Give n(-25).
-762
Let z(b) = b**3 - 29*b**2 - 79*b - 30. Determine z(32).
514
Let y(n) = 626*n + 1251. Determine y(-2).
-1
Let j(c) = -13130*c + 105044. Determine j(8).
4
Let b(a) = a**2 + 6940*a - 160148. Give b(23).
1
Let u(o) = 2*o**3 + 58*o**2 + 90*o + 4688. Determine u(-30).
188
Let u(g) = -2*g**3 + 377*g**2 + 219*g - 5666. Determine u(189).
4
Let w(s) = -s**3 - 80*s**2 - 325*s - 855. Determine w(-76).
741
Let p(g) = -4*g**3 + 70*g**2 - 150*g + 3156. What is p(18)?
-192
Let a(h) = -11482*h + 22946. What is a(2)?
-18
Let t(i) = 25*i**2 + 1374*i + 13600. Calculate t(-42).
-8
Let m(r) = -937*r**2 + 128*r - 122. What is m(1)?
-931
Let p(s) = -4*s**2 + 26*s - 104. Give p(6).
-92
Let j(o) = -o**3 + 10*o**2 + 492*o - 4910. Determine j(10).
10
Let q(v) = -32*v - 5093. Calculate q(-104).
-1765
Let z(y) = 3*y**3 + 41*y**2 + 29*y + 38. What is z(-13)?
-1
Let s(b) = -b**3 - 257*b**2 - 20*b - 71735. Give s(-258).
-11
Let c(q) = -9124*q + 410610. What is c(45)?
30
Let c(t) = -1538*t - 4901. Determine c(-4).
1251
Let g(c) = -13*c**3 + 1457*c**2 - 95*c - 2017. Determine g(112).
-113
Let q(p) = p**3 + 95*p**2 - 102*p - 341. Calculate q(-96).
235
Let r(g) = -g**2 + 334*g - 12841. Determine r(290).
-81
Let j(d) = -d**3 + 61*d**2 - 24*d + 6962. Determine j(63).
-2488
Let i(n) = 3*n**3 + 9*n**2 - 145*n + 20. Calculate i(6).
122
Let z(k) = -1176*k**2 + 39974*k + 334. Determine z(34).
-6
Let t(j) = 2*j**3 + 26*j**2 - 27*j - 881. Calculate t(-10).
-11
Let r(d) = 18*d**2 - 62*d + 334. Calculate r(6).
610
Let n(o) = o**2 - 1515*o + 516933. Determine n(519).
9
Let d(b) = -b**3 - 240*b**2 + 230*b - 2516. Determine d(-241).
135
Let s(o) = -o**2 - 342*o - 3883. Give s(-12).
77
Let r(p) = 2*p**2 + 91*p + 460. Calculate r(-41).
91
Let v(j) = -j**2 + 4153*j + 438391. What is v(-103)?
23
Let l(h) = -5870*h - 211263. Calculate l(-36).
57
Let r(j) = 177*j + 1473. What is r(-3)?
942
Let x(g) = -361*g + 87726. Calculate x(245).
-719
Let m(i) = -2*i**2 + 597*i + 17557. Determine m(-27).
-20
Let u(q) = 2725*q - 3814. What is u(1)?
-1089
Let u(b) = 66*b**3 + 210*b**2 - 32*b - 30. Give u(-4).
-766
Let o(y) = -12676*y - 8936569. Determine o(-705).
11
Let s(u) = -6*u**2 - 469*u - 6. Calculate s(-76).
982
Let h(s) = -s**3 - 55*s**2 - 23*s - 4273. Calculate h(-56).
151
Let u(s) = -797*s + 872. Determine u(0).
872
Let q(d) = 11993*d + 84011. What is q(-7)?
60
Let g(m) = 335*m - 34935. Determine g(104).
-95
Let f(s) = -s**3 + 237*s**2 + 2991*s - 737. Determine f(249).
10
Let y(u) = u**3 - 38*u**2 + 150*u + 32. Give y(31).
-2045
Let z(n) = 13*n**3 - 597*n**2 - 17*n + 60. Determine z(46).
1394
Let m(t) = 29*t**3 - 173*t**2 - 11*t + 36. Give m(6).
6
Let s(q) = 245*q**2 - 1580*q + 1775. Determine s(5).
0
Let v(y) = -3*y**2 - 43675*y - 2. Determine v(0).
-2
Let b(k) = k**3 + 4*k**2 - 701*k - 605. What is b(25)?
-5
Let q(i) = 2689*i + 88740. Give q(-33).
3
Let v(x) = x**3 + 47*x**2 + 327*x - 709. Calculate v(-39).
-1294
Let v(w) = -w**3 - 7*w**2 + 113*w + 817. Calculate v(-8).
-23
Let v(z) = 8*z**2 - 18663*z - 93534. Determine v(-5).
-19
Let q(s) = -s**2 - 2313*s - 141737. What is q(-63)?
13
Let m(g) = g**3 - 2*g**2 - 22*g + 58. Determine m(4).
2
Let w(l) = -76*l + 1102. Calculate w(14).
38
Let j(c) = 1544*c + 75710. What is j(-49)?
54
Let l(y) = -y**3 - 48*y**2 + 28*y + 2135. Give l(-48).
791
Let n(c) = -889*c**2 + 8891*c + 17. What is n(10)?
27
Let v(y) = -129225*y - 8141138. What is v(-63)?
37
Let x(z) = -3*z**3 + 74*z**2 - 456*z + 7838. Calculate x(23).
-5
Let a(m) = -22*m**3 + 4*m**2 + 8476*m + 8474. Determine a(-1).
24
Let y(f) = -2*f**3 - 37*f**2 - 110*f + 184. Determine y(-14).
-40
Let d(q) = 1479*q - 29562. Give d(20).
18
Let t(s) = -62*s**2 - 1024*s - 30. Calculate t(-11).
3732
Let s(v) = -172*v - 10847. Calculate s(-63).
-11
Let c(d) = -d**3 + 45*d**2 - 9*d - 638. Give c(45).
-1043
Let x(h) = -h**3 - 122*h**2 + 2208*h - 14. Determine x(-138).
-14
Let r(q) = q**2 + 466*q + 29000. Determine r(-392).
-8
Let f(m) = m**3 + 9*m**2 + 10*m + 6. Give f(-8).
-10
Let w(a) = -5*a**2 + 24*a + 346. Calculate w(11).
5
Let j(h) = -798*h**2 - 636806*h - 1597. Determine j(-798).
-1
Let w(u) = -5*u**3 + 63*u**2 + 2629*u + 1923. Calculate w(-17).
2
Let x(d) = -927*d + 140002. What is x(151)?
25
Let k(s) = 3*s**3 - 217*s**2 - 96*s - 457. Give k(73).
3193
Let t(g) = -135120*g + 12025680. What is t(89)?
0
Let a(b) = 2*b**3 - 1873*b**2 - 691*b - 230496. Calculate a(937).
6
Let j(r) = -385*r**3 + 8*r**2 - 14*r - 22. Determine j(-1).
385
Let c(v) = -967*v - 4392. Calculate c(-5).
443
Let u(f) = f**3 - 13*f**2 - 140*f + 1442. Determine u(9).
-142
Let x(g) = 8*g**3 + 698*g**2 + 215*g + 3617. Give x(-87).
50
Let w(f) = -4678*f - 261969. Calculate w(-56).
-1
Let v(z) = -90*z**2 - 616*z + 204. Give v(-8).
-628
Let a(q) = -30794*q + 36983589. Calculate a(1201).
-5
Let a(k) = k**3 - 119*k**2 - 66*k + 35146. Give a(117).
46
Let c(b) = b**3 + 20*b**2 + 3771*b + 40385. What is c(-11)?
-7
Let b(v) = -v**3 + 741*v**2 + 3747*v + 91. Calculate b(-5).
6
Let r(v) = -v**3 + 229*v**2 - 6796*v + 1168. What is r(194)?
4
Let l(s) = -19144*s**2 + 210574*s + 29. Calculate l(11).
-81
Let y(m) = 140*m**3 - 699*m**2 + 17*m - 117. Calculate y(5).
-7
Let l(o) = 4*o**2 - 244*o + 1223. Give l(5).
103
Let r(i) = 12*i**3 - 695*i**2 - 61*i - 283. What is r(58)?
-457
Let b(m) = m**2 - 602*m + 28032. Calculate b(51).
-69
Let y(c) = -19*c**3 - 53*c**2 - 57*c - 6. Determine y(-1).
17
Let k(w) = 9*w**2 - 471*w + 2968. Calculate k(6).
466
Let a(m) = -30378*m + 11361366. What is a(374)?
-6
Let l(v) = 6*v**2 + 180*v - 3917. Calculate l(21).
2509
Let l(j) = j**3 + 15*j**2 - 81*j - 1506. Determine l(-10).
-196
Let c(r) = -3*r**3 + 10*r**2 - 7657*r + 30659. Determine c(4).
-1
Let t(d) = -d**3 - 4*d**2 - 28589*d - 171502. Give t(-6).
104
Let d(y) = -1742*y + 3411. What is d(2)?
-73
Let i(a) = 190*a - 43829. Calculate i(231).
61
Let t(h) = -14*h**3 - 43*h**2 - 69*h + 30. Determine t(-3).
228
Let l(g) = 960*g - 9811. Determine l(10).
-211
Let f(r) = r**3 - 59*r**2 - 46*r + 2729. Calculate f(59).
15
Let t(k) = 159*k**2 + 87*k + 86. Determine 